?
True
Is 10495 prime?
False
Is 5998 prime?
False
Is 4007 prime?
True
Is 4749 a prime number?
False
Is 32122 composite?
True
Is 102893 a prime number?
False
Is 153817 a prime number?
True
Is 31677 composite?
True
Is 185186 a composite number?
True
Is 276707 a composite number?
False
Is 37189 a prime number?
True
Is 23399 a prime number?
True
Is 1211 composite?
True
Is 358637 a composite number?
False
Is 899221 composite?
False
Is 3491 composite?
False
Is 1489963 a prime number?
False
Is 1397 a composite number?
True
Is 72671 prime?
True
Is 12451 a composite number?
False
Is 580339 prime?
True
Is 180211 a composite number?
False
Is 67543 a prime number?
False
Is 152314 prime?
False
Is 1769 composite?
True
Is 9311 a prime number?
True
Is 1095779 a composite number?
False
Is 397041 prime?
False
Is 147233 a prime number?
False
Is 284651 prime?
True
Is 35251 composite?
False
Is 42769 a composite number?
True
Is 701089 a composite number?
False
Is 5779 a composite number?
False
Is 155153 prime?
True
Is 1847 a prime number?
True
Is 3725033 a composite number?
True
Is 712051 composite?
False
Is 23753 prime?
True
Is 275699 a prime number?
True
Is 343479 a composite number?
True
Is 41086 prime?
False
Is 43315 prime?
False
Is 342586 a composite number?
True
Is 32313 prime?
False
Is 41879 composite?
False
Is 735377 prime?
False
Is 80273 a prime number?
True
Is 1199 a prime number?
False
Is 3040721 a prime number?
False
Is 349645 composite?
True
Is 1295733 composite?
True
Is 238555 composite?
True
Is 156041 a composite number?
False
Is 98179 prime?
True
Is 240257 composite?
False
Is 5711 a prime number?
True
Is 929939 prime?
False
Is 158215 a composite number?
True
Is 56291 a prime number?
False
Is 35393 composite?
False
Is 10541 a composite number?
True
Is 60509 a composite number?
False
Is 1481 prime?
True
Is 133559 a composite number?
False
Is 992949 a prime number?
False
Is 3743 a composite number?
True
Is 79433 a prime number?
True
Is 20849 prime?
True
Is 22361 a prime number?
False
Is 158577 prime?
False
Is 17047 prime?
True
Is 83933 a composite number?
False
Is 1949 a prime number?
True
Is 2102773 a composite number?
True
Is 53359 a composite number?
False
Is 37385 composite?
True
Is 209246 a prime number?
False
Is 436957 a prime number?
True
Is 2583703 a prime number?
True
Is 118793 composite?
True
Is 16349 a composite number?
False
Is 293 prime?
True
Is 73495 composite?
True
Is 1042 a prime number?
False
Is 7621 a prime number?
True
Is 6899 prime?
True
Is 41579 prime?
True
Is 307 a composite number?
False
Is 11819 composite?
True
Is 1879079 prime?
True
Is 220291 composite?
False
Is 91229 a composite number?
False
Is 94195 prime?
False
Is 66829 a prime number?
False
Is 1206203 prime?
False
Is 4101431 composite?
False
Is 8746 composite?
True
Is 46363 a composite number?
True
Is 20719 composite?
False
Is 19661 a composite number?
False
Is 4843 a prime number?
False
Is 158965 a composite number?
True
Is 188107 composite?
False
Is 50059 a prime number?
False
Is 315281 prime?
True
Is 26557 a composite number?
False
Is 93047 composite?
False
Is 53723 a composite number?
True
Is 58831 composite?
False
Is 245977 composite?
False
Is 991 prime?
True
Is 30029 a prime number?
True
Is 91033 a composite number?
False
Is 4969 prime?
True
Is 188869 a composite number?
False
Is 7039 a composite number?
False
Is 88631 a composite number?
True
Is 244661 prime?
False
Is 3847 prime?
True
Is 231419 composite?
False
Is 17527 prime?
False
Is 80943 composite?
True
Is 18489 composite?
True
Is 306301 composite?
False
Is 91253 a composite number?
False
Is 28393 a composite number?
False
Is 253007 a composite number?
True
Is 269599 composite?
True
Is 19021 composite?
True
Is 96043 a composite number?
False
Is 349351 prime?
False
Is 5591 prime?
True
Is 14963 prime?
False
Is 19661 a composite number?
False
Is 21487 prime?
True
Is 21911 prime?
True
Is 1706 composite?
True
Is 325491 a prime number?
False
Is 927313 composite?
False
Is 78949 a prime number?
False
Is 335311 a prime number?
False
Is 88303 a prime number?
False
Is 2999 a composite number?
False
Is 56759 a prime number?
False
Is 29009 prime?
True
Is 19661 a prime number?
True
Is 15187 a prime number?
True
Is 425029 composite?
True
Is 12709 composite?
True
Is 4573 composite?
True
Is 102481 prime?
True
Is 1024567 a composite number?
True
Is 139361 a composite number?
False
Is 631 composite?
False
Is 23755 a prime number?
False
Is 592589 composite?
False
Is 21253 a composite number?
True
Is 1271 a prime number?
False
Is 128491 prime?
False
Is 35971 a composite number?
True
Is 214759 prime?
True
Is 34949 a composite number?
False
Is 2122 a composite number?
True
Is 25481 a prime number?
False
Is 3511 a composite number?
False
Is 57391 prime?
False
Is 32663 composite?
True
Is 1823 prime?
True
Is 10123 prime?
False
Is 1649 a composite number?
True
Is 533 a prime number?
False
Is 34511 prime?
True
Is 409 composite?
False
Is 9059 prime?
True
Is 1991 composite?
True
Is 2927 composite?
False
Is 6329 a composite number?
False
Is 10445 composite?
True
Is 331 composite?
False
Is 53483 composite?
True
Is 23935 a prime number?
False
Is 1351853 a composite number?
False
Is 15569 a composite number?
False
Is 20363 prime?
False
Is 40735 a prime number?
False
Is 99479 a composite number?
True
Is 509503 prime?
False
Is 1454633 prime?
True
Is 120641 prime?
True
Is 36367 prime?
False
Is 2005 a composite number?
True
Is 6227 prime?
False
Is 67657 a prime number?
False
Is 25503 a composite number?
True
Is 27137 a prime number?
False
Is 5347 composite?
False
Is 8633 a prime number?
False
Is 48727 a composite number?
True
Is 1405 prime?
False
Is 538091 prime?
False
Is 97733 a prime number?
False
Is 133757 composite?
True
Is 50291 a composite number?
False
Is 2505839 prime?
False
Is 1576537 a composite number?
False
Is 4417 a composite number?
True
Is 6773 a prime number?
False
Is 41669 a prime number?
True
Is 90469 prime?
True
Is 258277 composite?
False
Is 7129 composite?
False
Is 154189 a composite number?
True
Is 2459 a prime number?
True
Is 14509 a prime number?
False
Is 4903 composite?
False
Is 522161 composite?
False
Is 511703 a prime number?
True
Is 5833 a composite number?
True
Is 445843 prime?
False
Is 5981 prime?
True
Is 59987 a prime number?
False
Is 53717 composite?
False
Is 5981 a prime number?
True
Is 52477 composite?
True
Is 2798 composite?
True
Is 647 prime?
True
Is 119893 composite?
True
Is 688582 a prime number?
False
Is 1076107 composite?
False
Is 1187 a prime number?
True
Is 204502 composite?
True
Is 2889335 prime?
False
Is 25339 a composite number?
False
Is 1812869 a composite number?
False
Is 26661 a prime number?
False
Is 37243 prime?
True
Is 33443 a prime number?
False
Is 14519 a composite number?
False
Is 149789 a composite number?
True
Is 2046553 a composite number?
False
Is 1076287 prime?
False
Is 639419 prime?
False
Is 284579 composite?
True
Is 21647 composite?
False
Is 56877 prime?
False
Is 545539 a prime number?
False
Is 41401 prime?
False
Is 239 composite?
False
Is 502 prime?
False
Is 1343 composite?
True
Is 29591 prime?
False
Is 116719 composite?
False
Is 1531889 a composite number?
True
Is 47577 a prime number?
False
Is 2187077 a composite number?
False
Is 533597 a composite number?
True
Is 33431 a composite number?
True
Is 1633 composite?
True
Is 3521 composite?
True
Is 3343 a composite number?
False
Is 13033 a prime number?
True
Is 1915051 a prime number?
True
Is 74939 a prime number?
False
Is 34909 a prime number?
False
Is 1219271 a composite number?
False
Is 1505341 composite?
False
Is 43777 a composite number?
False
Is 35151 a prime number?
False
Is 3158 composite?
True
Is 465809 a prime number?
True
Is 192911 composite?
True
Is 62669 a prime number?
False
Is 1842377 a composite number?
False
Is 4819 prime?
False
Is 7978 prime?
False
Is 198295 a prime number?
False
Is 8887 a composite number?
False
Is 192719 composite?
True
Is 276271 prime?
False
Is 1340809 prime?
False
Is 113327 composite?
False
Is 518119 a prime number?
False
Is 73231 a prime number?
False
Is 175951 a composite number?
True
Is 936997 prime?
False
Is 515513 a prime number?
False
Is 16597 prime?
False
Is 7961 composite?
True
Is 2503 comp